6
Let s(u) = -36*u - 1214. Determine s(-34).
10
Let w(r) = -r**3 + 21*r**2 - 100*r + 562. Calculate w(17).
18
Let y(f) = f**2 + 22*f - 1636. What is y(-53)?
7
Let r(z) = -z**2 + 34*z - 190. What is r(13)?
83
Let c(s) = 3*s**3 + 108*s**2 + 5. Calculate c(-36).
5
Let p(u) = -18*u - 331. Give p(-20).
29
Let q(s) = -11*s - 133. What is q(-11)?
-12
Let d(o) = 459*o + 101. What is d(0)?
101
Let i(w) = w**2 - 24*w - 245. What is i(-9)?
52
Let f(y) = y**3 - 12*y**2 - 21*y + 96. Give f(13).
-8
Let q(l) = l**3 + 36*l**2 + 230*l + 5501. Determine q(-34).
-7
Let o(l) = 11*l + 23. Calculate o(0).
23
Let g(r) = -6165*r - 277427. What is g(-45)?
-2
Let u(t) = -4*t**2 + 195*t + 1479. Determine u(55).
104
Let i(h) = h - 53. Give i(15).
-38
Let u(n) = 2945*n - 76571. Calculate u(26).
-1
Let x(d) = d**3 + 34*d**2 + 26*d - 201. What is x(-33)?
30
Let d(r) = r**3 - 12*r**2 - 13*r - 64. Give d(0).
-64
Let r(z) = -z**3 + 99*z**2 - 1410*z + 1311. Give r(82).
-1
Let x(y) = 4*y**3 + 8*y**2 - 23*y - 12. Give x(-6).
-450
Let w(h) = -h**3 - 17*h**2 - 74*h - 18. Calculate w(-8).
-2
Let l(a) = a**2 + 8*a + 30. Calculate l(-7).
23
Let d(r) = -154*r + 819. Determine d(6).
-105
Let r(o) = -194*o + 4016. Calculate r(20).
136
Let o(d) = 62*d - 23. What is o(2)?
101
Let b(i) = -23*i + 180. Determine b(5).
65
Let z(m) = 3*m**3 + 797*m**2 + 532*m + 532. What is z(-265)?
2
Let g(a) = -15*a**2 + 177*a - 156. Calculate g(11).
-24
Let j(d) = 723*d + 2174. Determine j(-3).
5
Let g(d) = -10*d**2 - 57*d + 13. Calculate g(-6).
-5
Let q(d) = 75*d - 44. Calculate q(0).
-44
Let p(y) = -20*y**2 - 601*y - 35. Determine p(-30).
-5
Let q(n) = n**3 + 42*n**2 + 268*n - 132. Calculate q(-34).
4
Let t(w) = w**2 - 18*w + 30. Calculate t(28).
310
Let h(p) = -4*p**3 + 5*p + 10. Give h(-4).
246
Let h(r) = -12*r**2 - 3*r + 1. What is h(-2)?
-41
Let c(y) = 92*y - 9941. Determine c(108).
-5
Let o(y) = -2*y**2 - 24*y - 63. Determine o(-7).
7
Let l(x) = -x**3 + 2*x**2 + 3*x + 57. What is l(6)?
-69
Let x(q) = -3*q**3 + 225*q**2 - q + 80. Determine x(75).
5
Let y(u) = -90*u + 19. Give y(3).
-251
Let s(f) = -2201*f + 50617. Give s(23).
-6
Let y(o) = -o**3 - 53*o**2 + 63*o + 423. Give y(-54).
-63
Let r(s) = s**3 + 3*s**2 - 16*s - 2. What is r(3)?
4
Let b(c) = -c**3 - c**2 + 35*c - 22. Determine b(0).
-22
Let o(u) = -u**2 - 233*u + 1478. Give o(6).
44
Let b(v) = -v**3 - 162*v**2 + 673*v + 1487. Calculate b(-166).
-7
Let l(j) = 6*j**3 + 124*j**2 - 42*j - 5. Determine l(-21).
-5
Let a(d) = d**2 - 1442*d + 17169. Give a(12).
9
Let m(l) = -l**3 + 37*l**2 + 21*l + 632. What is m(38)?
-14
Let l(i) = i**2 + 44*i + 465. What is l(-21)?
-18
Let b(z) = 31*z + 2384. Determine b(-77).
-3
Let c(s) = -s**2 - 57*s + 1077. Give c(-72).
-3
Let j(k) = 49*k**2 - 1892*k - 746. Determine j(39).
-5
Let l(i) = -881*i - 6165. Calculate l(-7).
2
Let q(g) = 3*g**2 + 31*g + 130. What is q(-9)?
94
Let a(h) = h**3 - 60*h**2 - 182*h - 434. Calculate a(63).
7
Let l(m) = -m**3 + 12*m**2 - 51*m - 4. Determine l(6).
-94
Let w(c) = -36*c**3 + 5*c**2 + 2*c - 3. Give w(-2).
301
Let q(u) = -19*u**2 + 22*u + 65. Calculate q(-4).
-327
Let h(m) = -2*m**3 - 156*m**2 - 301*m + 222. What is h(-76)?
-6
Let f(p) = -2*p**3 - 19*p**2 + 123*p - 98. Give f(-14).
-56
Let w(s) = -286*s + 9440. Calculate w(33).
2
Let q(v) = v**3 + 3*v**2 - 7*v - 13. Give q(-4).
-1
Let i(f) = -f**2 - 10*f + 43. Calculate i(3).
4
Let r(o) = -o**3 - 42*o**2 - 79*o + 12. Determine r(-40).
-28
Let w(o) = -o**3 - 35*o**2 - 33*o - 37. Calculate w(-34).
-71
Let x(v) = -v**3 - 13*v**2 - 35*v + 5. Calculate x(-8).
-35
Let n(d) = -d**3 + 2*d**2 - 6*d + 27. Give n(4).
-29
Let q(a) = 3*a**2 - 14*a + 33. Determine q(10).
193
Let t(n) = 219*n - 2596. What is t(12)?
32
Let x(a) = 23*a**2 + 181*a - 29. Calculate x(-8).
-5
Let z(b) = 20*b**2 - 374*b - 121. Calculate z(19).
-7
Let j(p) = -311*p + 29. Determine j(0).
29
Let p(w) = -w**3 - 8*w**2 + 61*w - 34. Give p(-13).
18
Let w(o) = 5362*o - 42900. Calculate w(8).
-4
Let f(g) = 2*g**3 + 38*g**2 + 7*g + 183. Give f(-19).
50
Let m(g) = -g**3 - 74*g**2 - g - 20. Determine m(-74).
54
Let g(i) = 19*i - 243. What is g(13)?
4
Let z(q) = -45*q - 131. Give z(-4).
49
Let g(m) = -34*m - 158. What is g(-5)?
12
Let y(l) = -1450*l - 4363. Calculate y(-3).
-13
Let h(p) = p**3 - 32*p**2 - 175*p + 3639. Give h(34).
1
Let c(m) = -2*m**2 + 32*m + 631. What is c(28)?
-41
Let o(u) = -8*u**2 - 242*u - 42. Determine o(-32).
-490
Let c(w) = w**3 - 19*w**2 + 6*w - 35. Give c(19).
79
Let s(v) = 35*v**2 + 1188*v - 66. Give s(-34).
2
Let z(g) = g**2 + 16*g + 21. Determine z(-15).
6
Let y(j) = 8*j**2 + 48*j - 233. Give y(6).
343
Let u(c) = c**3 - 18*c**2 - 2*c - 63. Calculate u(18).
-99
Let p(x) = -x**3 - 91*x**2 - 429*x + 77. Determine p(-86).
-9
Let q(k) = k**3 - 15*k**2 + 39*k - 5. What is q(0)?
-5
Let b(x) = 271*x - 659. What is b(3)?
154
Let s(v) = v**3 - 19*v**2 + 19*v - 467. Calculate s(19).
-106
Let t(y) = -y**3 + y**2 - 5*y + 257. Give t(0).
257
Let i(t) = -25*t + 971. What is i(38)?
21
Let g(k) = -21*k - 651. What is g(-31)?
0
Let m(v) = 2*v - 79. Give m(17).
-45
Let t(y) = -15*y + 790. What is t(53)?
-5
Let h(t) = 3*t**3 - 52*t**2 + 15*t + 41. Determine h(17).
7
Let y(z) = -2*z**2 - 66*z - 151. Determine y(-35).
-291
Let l(t) = -38*t**2 + 2729*t - 2728. Determine l(1).
-37
Let u(z) = -z**2 - 252*z - 13768. Give u(-80).
-8
Let c(d) = 2*d**2 + 60*d + 59. What is c(-1)?
1
Let z(o) = o**2 - 114. Calculate z(10).
-14
Let o(y) = 19*y**2 + 140*y + 164. Calculate o(-6).
8
Let y(f) = f**2 + 70*f + 910. Determine y(-17).
9
Let g(s) = s**2 + 1320*s + 168303. Calculate g(-143).
-8
Let x(o) = -o**2 - 144*o + 2920. Determine x(18).
4
Let w(t) = -26*t + 1734. Give w(70).
-86
Let z(y) = -2*y**3 + 19*y**2 + 9*y + 2. Give z(10).
-8
Let k(f) = -5*f**3 + 107*f**2 - 49*f + 130. Calculate k(21).
-17
Let m(o) = 194*o**2 + 19597*o + 309. What is m(-101)?
6
Let s(z) = 5*z**2 - 143*z + 141. What is s(1)?
3
Let t(r) = -3*r**2 - 172*r - 509. Determine t(-3).
-20
Let a(y) = 6*y**2 - y - 65. Calculate a(-4).
35
Let b(o) = -o**3 + 34*o**2 - 34*o + 33. Determine b(33).
0
Let a(m) = 19*m**2 + 6*m + 39. Give a(-6).
687
Let h(c) = 20*c**2 + 46*c + 2. Give h(-2).
-10
Let t(o) = 2*o + 108. Give t(-53).
2
Let o(g) = 15*g - 43. Calculate o(8).
77
Let d(q) = 7*q**3 + 19*q**2 + 49*q + 31. Give d(-1).
-6
Let k(c) = -1556*c + 6244. Determine k(4).
20
Let p(r) = -2*r**2 + 2*r + 28. Calculate p(7).
-56
Let x(f) = -17*f + 1. What is x(-1)?
18
Let j(f) = 67*f**2 + 939*f - 15. Calculate j(-14).
-29
Let i(s) = -76*s**3 - 5*s**2 - 17*s - 13. What is i(-1)?
75
Let g(x) = -4*x**3 + 10*x**2 - 6*x - 2. What is g(1)?
-2
Let k(v) = 4*v + 180. Give k(-21).
96
Let s(w) = 125*w - 4548. Determine s(34).
-298
Let x(g) = 186*g - 3726. What is x(20)?
-6
Let l(m) = m**2 + 7*m + 66. What is l(-8)?
74
Let i(n) = -n**3 + 8*n**2 - 5*n + 21. Give i(8).
-19
Let d(w) = -47*w + 88. What is d(-6)?
370
Let a(x) = x**2 + 4*x - 106. Give a(-13).
11
Let o(m) = -3*m**2 - 61*m. What is o(-23)?
-184
Let x(y) = -2*y**3 + 100*y**2 - 371*y + 136. What is x(46)?
-2
Let g(d) = -d**3 + 68*d**2 - 431*d + 159. Determine g(61).
-85
Let q(z) = -3*z**2 - 79*z + 2033. Determine q(16).
1
Let p(l) = -2*l**2 - 134*l + 72. What is p(-68)?
-64
Let z(v) = v**2 - 364*v + 3492. What is z(10)?
-48
Let h(b) = -b**2 + 117*b - 3414. Calculate h(54).
-12
Let u(q) = q**2 + 34*q + 115. Give u(-20).
-165
Let d(t) = -t**3 - 4*t**2 - 418*t + 1311. Give d(3).
-6
Let b(y) = 161*y**2 - 10*y - 4. Calculate b(1).
147
Let g(t) = 16*t**2 + 40*t + 27. What is g(-1)?
3
Let z(u) = 123*u - 1614. Calculate z(13).
-15
Let x(t) = -23*t - 400. What is x(-17)?
-9
Let h(q) = -q**3 - 24*q**2 + 47*q - 30. Calculate h(-26).
100
Let k(d) = -151*d + 4752. What is k(32)?
-80
Let t(u) = -59*u + 534. Determine t(9).
3
Let t(m) = -m**3 + 14*m**2 - 17*m - 23. Determine t(4).
69
Let j(t) = -107*t**2 + 2034*t - 12. Calculate j(19).
7
Let k(j) = j**3 + 51*j**2 - 1017*j - 1771. What is k(-66)?
11
Let k(d) = d**2 - 36*d - 657. Determine k(-15).
108
Let u(t) = 120*t + 3377. What is u(-28)?
17
Let i(n) = 9*n**2 + 1533*n - 2584. Give i(-172).
-4
Let i(c) = c**2 - 9*c - 38. Calculate i(-3).
-2
Let n(o) = o**2 + 43*o - 2287. Give n(31).
7
Let a(o) = o**2 - 115*o + 1967. Give a(94).
-7
Let w(m) = 3*m**2 + 24